20*r + 7*r**2. Determine k(20).
-28
Let x = -601 + 592. Let b(w) = w**2 + 12*w + 15. What is b(x)?
-12
Let r be (3/(-18))/(2/(-36)). Let v(c) = c**3 - 4*c**2 + 3*c + 2. Give v(r).
2
Suppose 4*p - 4*r + 32 = 0, 308 = -2*p + 4*r + 284. Let m(a) = 4*a**2 + 19*a + 9. Give m(p).
-3
Let q(k) be the first derivative of k**4/4 - 7*k**3/3 + 3*k**2 + 7*k - 3. Suppose 0 = m + 2*m + 12. Let c be -15*(16/10)/m. Give q(c).
7
Let l(t) be the second derivative of t**4/12 - 3*t**3/2 + t**2/2 + 183*t. Calculate l(9).
1
Let w(k) be the second derivative of k**3/3 + 2*k**2 + 208*k + 1. What is w(2)?
8
Let f(j) = j + 7 - 1 + 0*j + 0*j. Let u be f(0). Suppose -u*y + 18 = -0*y. Let k(i) = i + 3. What is k(y)?
6
Let m = -4 - -9. Suppose -s - 2 = 0, 5*s + 17 = m*h - 3. Let w be (2/(-4))/(h/(-4)). Let p(k) = -4*k**3 - k**2 + 1. What is p(w)?
-4
Let y(k) = k**2 + 9*k + 1. Let h(u) = u**2 + 10*u + 1. Let c(x) = 5*h(x) - 6*y(x). Calculate c(-3).
2
Let r(g) = -g**2 + 6*g - 8. Let v be 1/(-4) - (-26)/8. Let t(m) = -2*m - 6 + 8*m + 2*m + 5*m**2 - m**v. Let h be t(6). Give r(h).
-8
Let l(b) = 9*b + 4. Let h(o) be the first derivative of -9*o**2/2 - 3*o + 13. Let v(k) = 7*h(k) + 6*l(k). Calculate v(3).
-24
Let m(f) = -f**2 + 19*f - 6. Suppose 595*b - 57 = 592*b. Determine m(b).
-6
Let b(h) = 2*h**2 - 2*h - 16. Let r(n) = -n**2 - n. Let y(u) = -b(u) + r(u). Let z(t) be the first derivative of y(t). Calculate z(-1).
7
Let b(w) = w**3 - 5*w**2 + 4*w - 3. Let s(h) = -50*h**2 - 1. Let r be s(1). Let v = r + 31. Let x be (-88)/v + (-4)/10. Determine b(x).
-3
Let c(t) be the third derivative of t**6/120 + t**5/60 - t**3/6 + t**2. Let d(j) = -4*j**3 - 7*j**2 - j. Let z = 5 + -8. Let i(k) = z*c(k) - d(k). Give i(-4).
-1
Let w(v) = -v - 12. Let p be 3/4 + (-763)/(-28). Suppose p = -t + 23. Determine w(t).
-7
Let c(u) = -u. Let y(h) = 3*h**3 - 11*h**2 + 11*h - 24. Let t(f) = 7*f**3 - 21*f**2 + 21*f - 49. Let a(r) = -4*t(r) + 9*y(r). Let o be a(-16). What is c(o)?
4
Suppose -17*v = -15*v. Let t(l) = 27*l**3 + 11*l**2 + v + 2 - 28*l**3. Calculate t(11).
2
Suppose 8*y = 3*y - 15. Suppose -3*j + 10 = 2*j. Let l(z) = -z - 2*z - 3*z**j + 2*z**2 + 0*z**2 - 2. Calculate l(y).
-2
Let g(t) = -t. Suppose 0 = -4*n + 12, -2*n - 16 = 4*l + 2*n. Give g(l).
7
Let f(t) = -19 + 28*t**2 - 30*t - 1474*t**3 + 1475*t**3 - 2. Calculate f(-29).
8
Let x(k) be the first derivative of -8*k + 4*k**2 - 21 + 1/3*k**3. Give x(-8).
-8
Let i = 9 - 12. Let o = i - -3. Let g(z) = z**2 + 0 + 2 - 2*z - 2*z + o*z**2. Calculate g(4).
2
Let d(c) be the second derivative of c**4/12 + 2*c**3/3 - c. Let v(r) = r**2 - 14*r + 43. Let m be v(10). Let j be 5/((-2 + m)*-1). Calculate d(j).
5
Let r(l) = -l**3 - 9*l**2 - 9*l - 8. Suppose 6 = 6*i + 54. Give r(i).
0
Let v(z) be the third derivative of z**4/24 + 7*z**3/6 - 2*z**2 - 727. Let k be 2/4 + 51/(-6). Give v(k).
-1
Let t(h) = -3*h**3 + 11*h**2 + 12*h + 15. Let n(x) = -x**3. Let s(v) = -4*n(v) + t(v). Let g be s(-10). Let f(w) = w**2 + 6*w + 7. What is f(g)?
2
Let q(b) = 4*b**3 + b**2. Suppose 0 = -3*d - 0*d + 5*x - 25, 5*d = -x + 5. Suppose 2*n - 4*i - 2 = 0, -4*i + d - 4 = -4*n. Determine q(n).
5
Let w(q) be the first derivative of -3*q**2/2 + 3*q + 1. Let s(n) = n - 15. Let a be s(12). Let y(k) = k + 5. Let b be y(a). What is w(b)?
-3
Let q be 3*(-3)/(-21)*14. Let l(a) = -a - 4. Give l(q).
-10
Let r(c) = 13*c**2 + 2*c + 1. Let p(m) = -24*m**2 - 4*m - 2. Let l(n) = -3*p(n) - 5*r(n). What is l(2)?
33
Let x(l) be the third derivative of 11*l**2 - 1/6*l**3 + 0*l + 1/60*l**5 + 0 + 1/12*l**4. Let b be 2/(-7) - (-9)/7. Determine x(b).
2
Let n(j) = j**3 - 6*j**2 + 7. Let s = 53 - 54. Suppose 4 = d - 4*u + 12, 4*u = -4*d - 12. Let h be (-36)/d - (s - -4). Determine n(h).
7
Let q(m) = -11*m - 39. Let z be q(-4). Let g(t) = 5*t - 7. Calculate g(z).
18
Let m(t) be the first derivative of -t**5/60 - 3*t**4/8 + 13*t**3/6 + t**2 + 5. Let o(c) be the second derivative of m(c). Determine o(-9).
13
Let i be (1 - 0/(-2))*1. Suppose o = i - 5. Let t(u) = -2*u**2 - 6*u. Determine t(o).
-8
Let y(x) = -8*x - 1. Suppose 55 - 62 = 7*f. What is y(f)?
7
Let q(n) = n**3 - 3*n. Let s(c) = -2*c**3 + 11*c**2 - 5*c - 15. Let p(m) = 3*q(m) + s(m). Determine p(-12).
9
Let y(i) = -58*i**2 + 42*i**2 + 6*i - 5 + 3 + 15*i**2. Let j be -2 + 1 + 0 + 3. Suppose -3*p - 21 = -3*h, 2*p + 13 = h - j*p. What is y(h)?
3
Let m(y) = -3*y - 4*y**2 + 5*y + 2*y + 3*y**2 - 7. Suppose 4*n + 4*s = 24, n - 6*s - 6 = -2*s. Calculate m(n).
-19
Let z(k) = 136*k**2 + 6*k + 1 - 135*k**2 - 4 - 2. Determine z(-7).
2
Let t be ((-20)/(-4) - -3) + -3. Suppose b = 2 + 1, 55 = -5*p - t*b. Let f = 18 + p. Let z(x) = -2*x - 4. Calculate z(f).
-12
Let f(v) = 59 - 175*v + 363*v - 180*v + 16. What is f(-10)?
-5
Let j(u) = u**3 - 10*u**2 - 11*u + 5. Let y be j(11). Suppose 0*f - y*f = -5*n - 25, 5 = -n + 4*f. Let w(p) = 4*p + 4. Give w(n).
-16
Let f(s) = -4*s - 2. Suppose 2*x - 2*q = -2, 0*q - 17 = x - 5*q. Determine f(x).
-14
Let p(u) = 5*u**2 + 11*u - 2 - 12 + u**3 + 9*u**2 + 0 - 2. Calculate p(-13).
10
Let i be 236/(-10) - (-3 + 17/5). Let s = 27 + i. Let v(n) = 2*n - 3. What is v(s)?
3
Let k = 6 - 4. Let t(i) = -2*i + i + 4*i - k*i**2. Let n be 10/4 + (-2)/4. What is t(n)?
-2
Let u(g) = g - 10. Suppose v - 6 = -0*v. Determine u(v).
-4
Suppose -35 = 14*a - 9*a. Let g(p) = -p - 13. Give g(a).
-6
Let i(y) be the second derivative of y**4/6 - 5*y**3/6 - 15*y**2/2 - 13*y. Let x(a) be the first derivative of i(a). Give x(4).
11
Let b(t) = -t - 5. Suppose 2*s - 9*h + 4*h - 14 = 0, 3*h + 12 = 0. Determine b(s).
-2
Let a = -24 - -24. Suppose -2*l - 2*l = -12, -4*k + 3*l + 39 = a. Suppose 3*q + 3 = -2*w, 3*w + 0*q - q = k. Let f(c) = c**2 - 2*c - 2. Give f(w).
1
Let t = -1 + 6. Let h(j) = 0*j + 4 - 3*j - j**2 + 5*j. Determine h(t).
-11
Let c = 413 - 414. Let i(m) = -8*m**3 - m**2 - 2*m - 2. Give i(c).
7
Let u be 6/(-4)*(-10)/3. Let k(g) be the third derivative of -1/60*g**u + 0 + 1/6*g**3 + 10*g**2 + 1/120*g**6 - 1/12*g**4 + 0*g. Determine k(2).
1
Let t(v) = 2*v + 4. Let y = -1427 - -1433. Determine t(y).
16
Suppose 46 = -3*o - r + 20, -5*r - 18 = o. Let u(l) = l**2 + 7*l + 18. Determine u(o).
26
Let j(h) = -4 - 5 + 50*h - 4 - 1. Let k(u) = -10*u + 3. Let p(g) = -3*j(g) - 14*k(g). Suppose -2*x - 3 = x. Determine p(x).
10
Suppose -d = -2*o - 18, -2*d = o - 2 + 6. Let z(b) = 37*b + 34. Let n(q) = -22*q - 18. Let i(c) = 5*n(c) + 3*z(c). Give i(o).
4
Suppose 4*u + 20 - 8 = 0. Let i = u - -4. Let v(j) be the third derivative of -j**6/120 + j**5/30 - j**4/24 + j**3/6 + 3*j**2. What is v(i)?
1
Let d = 451 + -449. Let l(n) = -5*n**2 + 2*n - 2. Determine l(d).
-18
Let j(x) = 21*x**2 + 15*x - 13. Let b(r) = -10*r**2 - 7*r + 6. Let v(a) = 13*b(a) + 6*j(a). Let h = -295 - -296. Calculate v(h).
-5
Let i(n) = n + 2. Let x(y) = 3*y + 8. Let z(d) = 19*i(d) - 6*x(d). Determine z(4).
-6
Let g(t) be the third derivative of -t**4/12 + 5*t**3/3 - 32*t**2 + t. Give g(2).
6
Let r(u) = 3*u**3 + 4*u**2 + u + 5. Let v(k) = -k**3 - k**2 - k - 1. Let g(m) = -r(m) - 2*v(m). Give g(-3).
3
Let f(n) be the second derivative of -n**6/120 - n**5/20 + n**4/24 + n**3/3 - 7*n**2 - 51*n. Let z(o) be the first derivative of f(o). Calculate z(-4).
14
Let h(k) = -7*k**2 - k - 2. Let p(y) = -y**2. Let d(l) = -h(l) + 6*p(l). Suppose -3*a = 2*a. Suppose a = 2*u + u. What is d(u)?
2
Let u = 304 - 295. Let v(o) = -o**2 + 11*o + 8. Calculate v(u).
26
Let a(u) = -1. Let s(j) = 3*j + 2. Suppose y = -6 + 5. Let l(h) = -h - 6. Let p be l(-3). Let z(m) = p*a(m) + y*s(m). Determine z(2).
-5
Let i = -1043 + 1044. Let v(j) = 17*j**2 - 2*j + 2. What is v(i)?
17
Suppose 2*c = -2*y - 3*y + 158, 2*y + 4*c = 76. Let g be (-180)/(-3)*13/(65/2). Let q = g - y. Let a(z) = -z + 3. What is a(q)?
9
Let b = -3 - -5. Suppose 3*s = 3*y - 3, -4*s + 5*y - b*y = -1. Let z(u) = -1 - 3*u - 2*u + 2*u + u**2 + s*u. What is z(1)?
1
Let v(r) = -r**3 + r**2 - 6*r + 2. Let x(t) = -t**3 - 7*t + 2. Let g(l) = -6*v(l) + 5*x(l). Let q be (5 - 1)*(35 + -34). Calculate g(q).
-30
Let p be 5 + 3/((-5 - 0)/5). Let s(g) = g**2 + g - 3. Determine s(p).
3
Suppose s = -32 - 12. Let r = s - -39. Let i(h) = -h**3 - 5*h**2 + 2*h + 7. Determine i(r).
-3
Let q(b) = -2*b - 1. Let s(z) = -5*z - 6. Let r(f) = 2*q(f) - s(f). Calculate r(-5).
-1
Let y(u